le of 8?
False
Does 11 divide 2915?
True
Does 17 divide 1470?
False
Is 1632 a multiple of 32?
True
Is 877 a multiple of 16?
False
Is 16385 a multiple of 145?
True
Is 57 a factor of 372?
False
Does 284 divide 76396?
True
Is 11 a factor of 70730?
True
Is 3560 a multiple of 8?
True
Is 35 a factor of 2511?
False
Does 67 divide 134?
True
Does 8 divide 42?
False
Is 140508 a multiple of 36?
True
Is 81532 a multiple of 25?
False
Does 338 divide 676?
True
Does 126 divide 13986?
True
Is 13 a factor of 1567?
False
Is 48 a factor of 90?
False
Is 8694 a multiple of 11?
False
Is 12 a factor of 6059?
False
Is 15 a factor of 405?
True
Is 14326 a multiple of 58?
True
Is 38 a factor of 7584?
False
Is 86 a factor of 688?
True
Is 15 a factor of 750?
True
Does 11 divide 31638?
False
Is 3381 a multiple of 19?
False
Is 346 a multiple of 27?
False
Is 25 a factor of 6993?
False
Is 6253 a multiple of 57?
False
Does 3 divide 10284?
True
Is 855 a multiple of 15?
True
Is 46756 a multiple of 68?
False
Does 82 divide 2797?
False
Is 39156 a multiple of 8?
False
Is 77 a factor of 693?
True
Does 47 divide 69466?
True
Is 16 a factor of 1305?
False
Does 3 divide 1191?
True
Is 86 a factor of 530?
False
Is 9 a factor of 279?
True
Is 21 a factor of 1239?
True
Is 5 a factor of 2375?
True
Is 948 a multiple of 12?
True
Does 21 divide 1239?
True
Is 904 a multiple of 43?
False
Does 10 divide 1441?
False
Is 28 a factor of 18181?
False
Does 14 divide 1532?
False
Is 28 a factor of 3920?
True
Is 418 a multiple of 19?
True
Is 9 even?
False
Is 9360 a multiple of 13?
True
Does 62 divide 10044?
True
Is 13 a factor of 5772?
True
Is 50863 a multiple of 19?
True
Does 40 divide 1037?
False
Is 4280 a multiple of 8?
True
Is 270 a multiple of 8?
False
Is 62 a factor of 134?
False
Is 173 a factor of 62908?
False
Is 2777 a multiple of 2?
False
Does 18 divide 10160?
False
Is 2272 a multiple of 142?
True
Is 14 a factor of 14098?
True
Does 21 divide 11865?
True
Does 27 divide 459?
True
Does 25 divide 425?
True
Is 31 a factor of 398?
False
Is 12371 a multiple of 49?
False
Is 151 a factor of 3581?
False
Is 7 a factor of 1389?
False
Does 24 divide 5088?
True
Does 81 divide 56474?
False
Is 52 a factor of 22442?
False
Is 56693 a multiple of 13?
True
Is 30 a factor of 1770?
True
Does 6 divide 3498?
True
Is 61 a factor of 10126?
True
Does 56 divide 685?
False
Does 8 divide 2720?
True
Is 5268 a multiple of 22?
False
Is 7845 a multiple of 38?
False
Is 13 a factor of 40404?
True
Does 14 divide 1092?
True
Does 32 divide 1544?
False
Is 16 a factor of 1184?
True
Does 2 divide 669?
False
Is 1008 a multiple of 24?
True
Is 6 a factor of 279?
False
Is 13 a factor of 78442?
True
Is 59869 a multiple of 24?
False
Is 26 a factor of 3172?
True
Does 43 divide 774?
True
Does 15 divide 12783?
False
Does 2 divide 8?
True
Does 42 divide 2520?
True
Does 14 divide 1641?
False
Is 16308 a multiple of 91?
False
Does 54 divide 33912?
True
Is 10 a factor of 7097?
False
Is 182 a multiple of 31?
False
Is 167734 a multiple of 14?
True
Is 5 a factor of 150?
True
Does 6 divide 35502?
True
Is 23 a multiple of 12?
False
Does 20 divide 4980?
True
Is 24 a factor of 1776?
True
Is 14 a factor of 281?
False
Is 15 a factor of 1470?
True
Is 15614 a multiple of 28?
False
Is 5908 a multiple of 119?
False
Does 74 divide 5550?
True
Does 19 divide 10317?
True
Is 41 a factor of 8995?
False
Is 1056 a multiple of 32?
True
Is 63 a factor of 6930?
True
Is 81 a factor of 1294?
False
Is 7072 a multiple of 34?
True
Does 119 divide 3514?
False
Is 252 a multiple of 54?
False
Does 35 divide 92540?
True
Does 32 divide 1664?
True
Does 19 divide 380?
True
Does 22 divide 2145?
False
Is 17223 a multiple of 20?
False
Does 4 divide 4759?
False
Does 32 divide 4547?
False
Is 1181 a multiple of 136?
False
Is 31 a factor of 15031?
False
Does 3 divide 8634?
True
Is 36 a factor of 1870?
False
Does 36 divide 3938?
False
Does 13 divide 208?
True
Does 22 divide 9108?
True
Does 12 divide 36552?
True
Does 18 divide 6462?
True
Is 14 a factor of 1599?
False
Is 1690 a multiple of 10?
True
Does 9 divide 855?
True
Does 7 divide 1280?
False
Is 3160 a multiple of 8?
True
Is 11 a factor of 69?
False
Is 4 a factor of 56?
True
Does 69 divide 16284?
True
Is 24885 a multiple of 5?
True
Does 15 divide 1395?
True
Is 7 a factor of 593?
False
Does 44 divide 12584?
True
Does 7 divide 4543?
True
Does 22 divide 3102?
True
Is 18 a multiple of 9?
True
Is 34606 a multiple of 143?
True
Does 2 divide 8348?
True
Is 150 a multiple of 3?
True
Does 121 divide 22991?
False
Is 96 a factor of 1967?
False
Is 45941 a multiple of 122?
False
Does 59 divide 5116?
False
Is 8 a factor of 720?
True
Is 1651 a multiple of 127?
True
Is 26 a factor of 1627?
False
Does 8 divide 256?
True
Is 9 a factor of 8428?
False
Does 10 divide 118980?
True
Is 122 a factor of 26099?
False
Is 21 a factor of 54268?
False
Does 10 divide 6960?
True
Is 5664 a multiple of 59?
True
Is 83 a factor of 39674?
True
Is 15 a factor of 3278?
False
Is 483 a multiple of 21?
True
Is 23 a factor of 4577?
True
Does 9 divide 5607?
True
Does 7 divide 21?
True
Is 2470 a multiple of 33?
False
Is 23876 a multiple of 150?
False
Is 52800 a multiple of 8?
True
Is 16 a factor of 864?
True
Is 1303 a multiple of 25?
False
Is 32 a factor of 1928?
False
Is 8876 a multiple of 28?
True
Is 25 a factor of 325?
True
Is 10 a factor of 1000?
True
Is 459 a multiple of 25?
False
Is 18570 a multiple of 24?
False
Is 3580 a multiple of 29?
False
Is 30748 a multiple of 73?
False
Does 10 divide 10138?
False
Is 729 a multiple of 74?
False
Does 153 divide 76653?
True
Is 164 a factor of 6888?
True
Does 40 divide 960?
True
Is 1560 a multiple of 40?
True
Is 16 a factor of 5250?
False
Is 949 a multiple of 13?
True
Is 24 a factor of 6792?
True
Is 764 a multiple of 17?
False
Does 2 divide 22?
True
Is 6 a factor of 72?
True
Is 135 a factor of 14715?
True
Does 6 divide 564?
True
Is 16 a factor of 112?
True
Is 12 a factor of 672?
True
Is 5019 a multiple of 79?
False
Is 25 a factor of 375?
True
Is 1452 a multiple of 13?
False
Is 96 a factor of 11127?
False
Is 31 a factor of 155?
True
Is 71111 a multiple of 236?
False
Does 10 divide 660?
True
Is 31 a factor of 31?
True
Is 15 a factor of 4500?
True
Does 46 divide 167?
False
Is 6 a multiple of 5?
False
Is 77 a factor of 37191?
True
Is 1593 a multiple of 34?
False
Is 4048 a multiple of 92?
True
Does 19 divide 1748?
True
Does 12 divide 240?
True
Is 8 a factor of 136?
True
Does 119 divide 49173?
False
Is 212 a multiple of 27?
False
Is 70967 a multiple of 114?
False
Is 1666 a multiple of 17?
True
Is 50 a factor of 550?
True
Is 59 a factor of 20350?
False
Does 15 divide 11168?
False
Is 61 a factor of 1464?
True
Is 920 a multiple of 3?
False
Is 42978 a multiple of 19?
True
Is 19 a factor of 678?
False
Is 2552 a multiple of 13?
False
Is 51 a factor of 45492?
True
Is 7657 a multiple of 13?
True
Does 76 divide 944?
False
Does 130 divide 780?
True
Does 6 divide 2106?
True
Is 8 a factor of 431?
False
Does 27 divide 1208?
False
Is 874 a multiple of 23?
True
Is 9808 a multiple of 16?
True
Is 109 a factor of 7085?
True
Is 11 a factor of 31134?
False
Does 40 divide 7539?
False
Does 5 divide 2128?
False
Is 14 a factor of 11895?
False
Does 11 divide 1641?
False
Does 74 divide 35950?
False
Does 13 divide 481?
True
Is 5637 a multiple of 8?
False
Is 164 a multiple of 41?
True
Does 12 divide 13824?
True
Is 66723 a multiple of 23?
True
Is 33 a factor of 21945?
True
Does 23 divide 13593?
True
Does 64 divide 6080?
True
Is 227 a factor of 68100?
True
Is 168 a multiple of 42?
True
Does 3 divide 2543?
False
Is 62 a factor of 2852?
True
Is 2973 a multiple of 5?
False
Is 6 a factor of 1974?
True
Does 13 divide 2769?
True
Does 19 divide 1368?
True
Does 9 divide 891?
True
Is 4410 a multiple of 45?
True
Is 3 a factor of 240?
True
Is 6564 a multiple of 16?
False
Does 27 divide 2592?
True
Is 15 a factor of 3197?
False
Is 42 a factor of 252?
True
Is 197 a multiple of 2?
False
Is 93 a factor of 4136?
False
Is 21 a factor of 546?
True
Is 33 a multiple of 3?
True
Is 1371 a multiple of 28?
False
Is 569 a multiple of 29?
False
Is 20 a factor of 602?
False
Is 3 a factor of 11524?
False
Is 50 a multiple of 24?
False
Does 14 divide 1312?
False
Does 192 divide 33984?
True
Does 17 divide 1773